tor of 5670?
True
Is 48 a factor of 1507?
False
Is 11421 a multiple of 5?
False
Is 3 a factor of 93?
True
Is 26925 a multiple of 12?
False
Is 6664 a multiple of 7?
True
Does 14 divide 4676?
True
Does 49 divide 2289?
False
Is 2601 a multiple of 17?
True
Is 9 a factor of 1215?
True
Is 269 a multiple of 26?
False
Is 566 a multiple of 11?
False
Does 13 divide 497?
False
Is 24 a factor of 384?
True
Is 7 a factor of 125?
False
Does 5 divide 95?
True
Is 1540 a multiple of 34?
False
Is 27 a factor of 2328?
False
Is 92 a multiple of 5?
False
Is 12 a multiple of 12?
True
Is 35686 a multiple of 14?
True
Is 84870 a multiple of 82?
True
Is 11 a factor of 13316?
False
Is 28 a factor of 784?
True
Is 14057 a multiple of 238?
False
Is 1190 a multiple of 85?
True
Is 8 a factor of 1194?
False
Is 1478 a multiple of 5?
False
Is 19030 a multiple of 19?
False
Is 11325 a multiple of 25?
True
Is 36178 a multiple of 15?
False
Is 7 a factor of 48742?
False
Is 7412 a multiple of 109?
True
Is 1947 a multiple of 26?
False
Does 11 divide 5610?
True
Is 91182 a multiple of 67?
False
Is 20 a factor of 340?
True
Does 29 divide 2448?
False
Is 664 a multiple of 44?
False
Is 119 even?
False
Is 1285 a multiple of 32?
False
Is 52124 a multiple of 157?
True
Is 13 a factor of 9914?
False
Is 11616 a multiple of 22?
True
Is 6187 a multiple of 11?
False
Is 91 a factor of 16432?
False
Is 12 a factor of 2079?
False
Is 120 a factor of 1560?
True
Is 4 a factor of 384?
True
Is 927 a multiple of 9?
True
Does 34 divide 5469?
False
Is 42 a factor of 32925?
False
Does 12 divide 290?
False
Is 9 a factor of 459?
True
Does 5 divide 755?
True
Does 385 divide 69670?
False
Is 65 a factor of 4437?
False
Does 18 divide 2666?
False
Is 6 a factor of 5358?
True
Does 16 divide 472?
False
Does 71 divide 1420?
True
Does 105 divide 10039?
False
Is 77 a factor of 770?
True
Does 3 divide 23?
False
Is 1267 a multiple of 129?
False
Is 855 a multiple of 46?
False
Does 64 divide 2240?
True
Is 446 a multiple of 10?
False
Does 184 divide 8716?
False
Is 4 a factor of 5596?
True
Is 67 a factor of 2046?
False
Is 26 a multiple of 9?
False
Does 21 divide 392?
False
Does 37 divide 4665?
False
Is 2527 a multiple of 23?
False
Does 64 divide 896?
True
Is 60 a multiple of 20?
True
Does 96 divide 7407?
False
Is 168 a multiple of 21?
True
Does 5 divide 8280?
True
Does 6 divide 214?
False
Is 23 a factor of 16146?
True
Is 14530 a multiple of 13?
False
Does 58 divide 5046?
True
Is 129 a factor of 1806?
True
Is 48 a factor of 254?
False
Does 19 divide 133?
True
Is 30646 a multiple of 14?
True
Is 85 a factor of 13310?
False
Is 6 a factor of 276?
True
Is 64848 a multiple of 14?
True
Is 928 a multiple of 32?
True
Is 2187 a multiple of 22?
False
Is 7240 a multiple of 5?
True
Is 410 a multiple of 2?
True
Does 2 divide 41?
False
Does 8 divide 4068?
False
Does 10 divide 430?
True
Is 1758 a multiple of 42?
False
Is 5036 a multiple of 24?
False
Does 8 divide 2656?
True
Is 103 a factor of 6894?
False
Is 5538 a multiple of 109?
False
Is 7 a factor of 2142?
True
Is 6 a factor of 352?
False
Is 13466 a multiple of 7?
False
Does 12 divide 8736?
True
Does 64 divide 333?
False
Is 164 a factor of 15890?
False
Is 14 a factor of 20032?
False
Is 111 a factor of 4551?
True
Is 42 a factor of 294?
True
Is 12 a factor of 660?
True
Is 3750 a multiple of 15?
True
Does 48 divide 1584?
True
Does 213 divide 7668?
True
Does 92 divide 117392?
True
Is 6976 a multiple of 64?
True
Is 5851 a multiple of 5?
False
Is 14 a factor of 651?
False
Does 52 divide 10244?
True
Does 19 divide 5311?
False
Is 73 a multiple of 9?
False
Is 37 a factor of 1517?
True
Does 30 divide 5880?
True
Is 9 a factor of 45?
True
Does 19 divide 66727?
False
Is 15 a factor of 12751?
False
Is 2400 a multiple of 32?
True
Is 18 a factor of 12528?
True
Is 10 a factor of 1086?
False
Does 9 divide 24426?
True
Is 848 a multiple of 16?
True
Is 22 a factor of 2364?
False
Is 27927 a multiple of 12?
False
Is 20336 a multiple of 30?
False
Is 9 a factor of 405?
True
Is 492 a multiple of 9?
False
Is 70 a factor of 140?
True
Does 7 divide 50519?
True
Is 45 a factor of 2790?
True
Is 530 a multiple of 106?
True
Is 139 a factor of 40727?
True
Does 34 divide 3386?
False
Is 7760 a multiple of 194?
True
Does 49 divide 5243?
True
Does 33 divide 1953?
False
Does 109 divide 8759?
False
Does 99 divide 36234?
True
Is 134046 a multiple of 76?
False
Is 51 a factor of 3468?
True
Does 47 divide 247?
False
Is 28 a factor of 2408?
True
Is 7992 a multiple of 9?
True
Is 10 a factor of 860?
True
Is 17 a factor of 15967?
False
Does 19 divide 961?
False
Is 42 a factor of 4813?
False
Is 45 a factor of 841?
False
Does 2 divide 4450?
True
Is 3078 a multiple of 19?
True
Is 98784 a multiple of 36?
True
Does 4 divide 275?
False
Is 960 a multiple of 10?
True
Does 49 divide 1226?
False
Does 12 divide 1617?
False
Is 5 a factor of 989?
False
Is 95 a factor of 52142?
False
Is 14362 a multiple of 86?
True
Is 39235 a multiple of 133?
True
Is 44 a factor of 6951?
False
Is 4777 a multiple of 31?
False
Is 37 a factor of 15709?
False
Is 7470 a multiple of 5?
True
Does 45 divide 6390?
True
Does 35 divide 11375?
True
Is 30660 a multiple of 7?
True
Does 156 divide 17981?
False
Is 10 a factor of 65229?
False
Does 17 divide 15213?
False
Is 885 a multiple of 2?
False
Does 2 divide 5239?
False
Does 13 divide 71849?
False
Is 10789 a multiple of 12?
False
Is 113 a factor of 63033?
False
Is 10 a factor of 1268?
False
Is 76917 a multiple of 504?
False
Is 44 a factor of 220?
True
Is 63975 a multiple of 25?
True
Is 24 a factor of 648?
True
Does 15 divide 859?
False
Is 5 a factor of 315?
True
Is 1119 a multiple of 9?
False
Is 19 a factor of 42313?
True
Is 39 a factor of 20562?
False
Is 3538 a multiple of 29?
True
Is 38546 a multiple of 243?
False
Is 26 a factor of 96?
False
Is 260 a multiple of 4?
True
Is 20 a factor of 20?
True
Does 15 divide 36450?
True
Is 27 a factor of 3240?
True
Is 11518 a multiple of 13?
True
Does 49 divide 4239?
False
Is 14 a factor of 248?
False
Does 42 divide 1295?
False
Does 9 divide 585?
True
Is 160 a factor of 12160?
True
Is 9 a factor of 287?
False
Does 18 divide 6142?
False
Is 64 a factor of 21504?
True
Is 18592 a multiple of 45?
False
Is 152 a factor of 2280?
True
Is 65 a factor of 1040?
True
Does 47 divide 2961?
True
Does 4 divide 1296?
True
Does 28 divide 644?
True
Does 11 divide 450?
False
Is 101 a factor of 1313?
True
Is 9320 a multiple of 8?
True
Is 36 a factor of 3060?
True
Is 6 a factor of 22092?
True
Is 2646 a multiple of 13?
False
Is 90 a factor of 1554?
False
Does 269 divide 54050?
False
Does 149 divide 23744?
False
Is 71 a factor of 852?
True
Is 19230 a multiple of 15?
True
Does 43 divide 26918?
True
Does 24 divide 1272?
True
Is 13 a factor of 632?
False
Is 570 a multiple of 16?
False
Does 44 divide 882?
False
Is 226 a multiple of 6?
False
Does 11 divide 563?
False
Is 12 a factor of 120?
True
Does 17 divide 255?
True
Is 10 a factor of 1261?
False
Does 5 divide 1162?
False
Is 21 a factor of 16842?
True
Is 32228 a multiple of 10?
False
Is 68 a factor of 2652?
True
Is 165 even?
False
Does 19 divide 118?
False
Is 46 a factor of 41906?
True
Does 16 divide 16352?
True
Is 44 a factor of 748?
True
Is 1464 a multiple of 12?
True
Does 70 divide 447?
False
Is 2669 a multiple of 17?
True
Does 28 divide 1062?
False
Is 2100 a multiple of 43?
False
Is 54 a factor of 14380?
False
Does 19 divide 13881?
False
Is 1050 a multiple of 4?
False
Is 3050 a multiple of 61?
True
Is 1083 a multiple of 16?
False
Does 29 divide 957?
True
Does 72 divide 1080?
True
Is 3 a factor of 1289?
False
Does 2 divide 26?
True
Is 135 a factor of 8655?
False
Is 4690 a multiple of 16?
False
Does 21 divide 630?
True
Is 956 a multiple of 37?
False
Does 20 divide 51160?
True
Is 451 a factor of 119625?
False
Does 6 divide 366?
True
Does 7 divide 389?
False
Is 23264 a multiple of 16?
True
Does 27 divide 27?
True
Is 70 a factor of 1233?
False
Is 72857 a multiple of 41?
True
Is 37 a factor of 9696?
False
Is 868 a multiple of 62?
True
Is 53 a factor of 1484?
True
Does 13 divide 12575?
False
Does 122 divide 8007?
False
Does 44 divide 30210?
False
Is 5829 a multiple of 199?
False
Is 909 a multiple of 5?
False
Is 6973 a multiple of 138?
False
Is 2128 a multiple of 17?
False